2, 3, 7, 683
What are the prime factors of 1096?
2, 137
List the prime factors of 816.
2, 3, 17
List the prime factors of 79917.
3, 17, 1567
List the prime factors of 60700.
2, 5, 607
List the prime factors of 37756.
2, 9439
What are the prime factors of 3030?
2, 3, 5, 101
List the prime factors of 1185.
3, 5, 79
List the prime factors of 38535.
3, 5, 7, 367
What are the prime factors of 16145?
5, 3229
What are the prime factors of 94?
2, 47
List the prime factors of 157768.
2, 13, 37, 41
What are the prime factors of 72309?
3, 24103
What are the prime factors of 99184?
2, 6199
List the prime factors of 5037.
3, 23, 73
List the prime factors of 5189.
5189
List the prime factors of 2331.
3, 7, 37
List the prime factors of 7918.
2, 37, 107
List the prime factors of 652.
2, 163
List the prime factors of 882.
2, 3, 7
What are the prime factors of 791?
7, 113
List the prime factors of 2069.
2069
What are the prime factors of 5847?
3, 1949
List the prime factors of 2388.
2, 3, 199
What are the prime factors of 4504?
2, 563
List the prime factors of 35.
5, 7
What are the prime factors of 90244?
2, 7, 11, 293
List the prime factors of 2534.
2, 7, 181
List the prime factors of 1039.
1039
What are the prime factors of 24131?
59, 409
What are the prime factors of 3163?
3163
What are the prime factors of 10946?
2, 13, 421
What are the prime factors of 2095?
5, 419
What are the prime factors of 75600?
2, 3, 5, 7
What are the prime factors of 27895?
5, 7, 797
List the prime factors of 3257.
3257
List the prime factors of 12372.
2, 3, 1031
What are the prime factors of 21690?
2, 3, 5, 241
What are the prime factors of 2643?
3, 881
What are the prime factors of 8276?
2, 2069
List the prime factors of 82148.
2, 11, 1867
What are the prime factors of 27683?
19, 31, 47
List the prime factors of 12512.
2, 17, 23
List the prime factors of 983.
983
What are the prime factors of 22883?
7, 467
List the prime factors of 19139.
19139
What are the prime factors of 2406?
2, 3, 401
List the prime factors of 22614.
2, 3, 3769
What are the prime factors of 62?
2, 31
What are the prime factors of 64?
2
What are the prime factors of 75465?
3, 5, 13, 43
What are the prime factors of 18945?
3, 5, 421
List the prime factors of 10.
2, 5
What are the prime factors of 1343?
17, 79
List the prime factors of 3604.
2, 17, 53
What are the prime factors of 1904?
2, 7, 17
What are the prime factors of 1522?
2, 761
List the prime factors of 593.
593
List the prime factors of 6934.
2, 3467
What are the prime factors of 21?
3, 7
What are the prime factors of 43060?
2, 5, 2153
List the prime factors of 10655.
5, 2131
What are the prime factors of 5717?
5717
What are the prime factors of 18351?
3, 2039
List the prime factors of 3463.
3463
What are the prime factors of 1958?
2, 11, 89
What are the prime factors of 1674?
2, 3, 31
List the prime factors of 46294.
2, 79, 293
List the prime factors of 68330.
2, 5, 6833
List the prime factors of 17993.
19, 947
What are the prime factors of 10801?
7, 1543
What are the prime factors of 3274?
2, 1637
List the prime factors of 9592.
2, 11, 109
List the prime factors of 1694.
2, 7, 11
List the prime factors of 7231.
7, 1033
What are the prime factors of 100117?
53, 1889
What are the prime factors of 34877?
34877
What are the prime factors of 24223?
24223
List the prime factors of 14453.
97, 149
What are the prime factors of 1142?
2, 571
What are the prime factors of 5198?
2, 23, 113
What are the prime factors of 8739?
3, 971
What are the prime factors of 839?
839
What are the prime factors of 9867?
3, 11, 13, 23
What are the prime factors of 84480?
2, 3, 5, 11
List the prime factors of 25251.
3, 19, 443
What are the prime factors of 12733?
7, 17, 107
What are the prime factors of 9000?
2, 3, 5
What are the prime factors of 181534?
2, 139, 653
What are the prime factors of 3764?
2, 941
List the prime factors of 8582.
2, 7, 613
What are the prime factors of 6683?
41, 163
List the prime factors of 7140.
2, 3, 5, 7, 17
List the prime factors of 62260.
2, 5, 11, 283
What are the prime factors of 688?
2, 43
List the prime factors of 99.
3, 11
What are the prime factors of 3050?
2, 5, 61
What are the prime factors of 1281?
3, 7, 61
List the prime factors of 115.
5, 23
What are the prime factors of 56482?
2, 31, 911
List the prime factors of 84422.
2, 13, 17, 191
List the prime factors of 5762.
2, 43, 67
What are the prime factors of 25377?
3, 11, 769
What are the prime factors of 10664?
2, 31, 43
List the prime factors of 9237.
3, 3079
List the prime factors of 63027.
3, 47, 149
List the prime factors of 4623.
3, 23, 67
What are the prime factors of 6451?
6451
What are the prime factors of 985?
5, 197
What are the prime factors of 1833?
3, 13, 47
What are the prime factors of 2122?
2, 1061
What are the prime factors of 1964?
2, 491
List the prime factors of 4269.
3, 1423
List the prime factors of 2680.
2, 5, 67
What are the prime factors of 780?
2, 3, 5, 13
List the prime factors of 5295.
3, 5, 353
List the prime factors of 13260.
2, 3, 5, 13, 17
List the prime factors of 1957.
19, 103
What are the prime factors of 11372?
2, 2843
List the prime factors of 206801.
7, 31, 953
List the prime factors of 1136.
2, 71
What are the prime factors of 244?
2, 61
What are the prime factors of 489?
3, 163
What are the prime factors of 40018?
2, 11, 17, 107
What are the prime factors of 4383?
3, 487
List the prime factors of 1600.
2, 5
What are the prime factors of 11281?
29, 389
What are the prime factors of 6556?
2, 11, 149
What are the prime factors of 82305?
3, 5, 31, 59
What are the prime factors of 545?
5, 109
What are the prime factors of 54272?
2, 53
What are the prime factors of 16154?
2, 41, 197
List the prime factors of 4209.
3, 23, 61
List the prime factors of 37767.
3, 12589
What are the prime factors of 917?
7, 131
What are the prime factors of 865?
5, 173
What are the prime factors of 924?
2, 3, 7, 11
List the prime factors of 6736.
2, 421
What are the prime factors of 25727?
13, 1979
What are the prime factors of 1494?
2, 3, 83
List the prime factors of 253.
11, 23
List the prime factors of 2243.
2243
What are the prime factors of 15407?
7, 31, 71
What are the prime factors of 3213?
3, 7, 17
List the prime factors of 2707.
2707
List the prime factors of 331.
331
What are the prime factors of 244?
2, 61
What are the prime factors of 29883?
3, 7, 1423
What are the prime factors of 379?
379
List the prime factors of 4965.
3, 5, 331
List the prime factors of 883.
883
List the prime factors of 13083.
3, 7, 89
What are the prime factors of 158546?
2, 79273
What are the prime factors of 2896?
2, 181
What are the prime factors of 38057?
19, 2003
What are the prime factors of 3620?
2, 5, 181
List the prime factors of 10182.
2, 3, 1697
What are the prime factors of 1097?
1097
What are the prime factors of 2168?
2, 271
List the prime factors of 9834.
2, 3, 11, 149
What are the prime factors of 2613?
3, 13, 67
List the prime factors of 389.
389
What are the prime factors of 22434?
2, 3, 3739
What are the prime factors of 3590?
2, 5, 359
List the prime factors of 106672.
2, 59, 113
What are the prime factors of 2228?
2, 557
What are the prime factors of 42894?
2, 3, 2383
List the prime factors of 8457.
3, 2819
List the prime factors of 3548.
2, 887
What are the prime factors of 29151?
3, 41, 79
What are the prime factors of 17498?
2, 13, 673
List the prime factors of 5759.
13, 443
List the prime factors of 26075.
5, 7, 149
List the prime factors of 15605.
5, 3121
What are the prime factors of 7585?
5, 37, 41
What are the prime factors of 431?
431
What are the prime factors of 110?
2, 5, 11
What are the prime factors of 8155?
5, 7, 233
List the prime factors of 24803.
17, 1459
What are the prime factors of 15034?
2, 7517
What are the prime factors of 961?
31
List the prime factors of 1299.
3, 433
What are the prime factors of 4139?
4139
What are the prime factors of 414?
2, 3, 23
List the prime factors of 7.
7
List the prime factors of 6744.
2, 3, 281
List the prime factors of 13567.
13567
What are the prime factors of 3921?
3, 1307
What are the prime factors of 15501?
3, 5167
List the prime factors of 523.
523
What are the prime factors of 645?
3, 5, 43
What are the